09
What are the prime factors of 2302157?
11, 13, 17, 947
List the prime factors of 936972.
2, 3, 17, 1531
What are the prime factors of 249425?
5, 11, 907
What are the prime factors of 23840470?
2, 5, 2384047
List the prime factors of 76008.
2, 3, 3167
List the prime factors of 184771.
43, 4297
List the prime factors of 8542407.
3, 23, 123803
What are the prime factors of 24023254?
2, 101, 118927
List the prime factors of 2696765.
5, 19, 28387
What are the prime factors of 26385?
3, 5, 1759
What are the prime factors of 382370?
2, 5, 38237
List the prime factors of 940050.
2, 3, 5, 2089
What are the prime factors of 165009?
3, 13, 4231
What are the prime factors of 11899358?
2, 19, 487, 643
What are the prime factors of 14532333?
3, 283, 17117
List the prime factors of 75325.
5, 23, 131
What are the prime factors of 1620901?
127, 12763
List the prime factors of 134987.
23, 5869
List the prime factors of 5938022.
2, 2969011
What are the prime factors of 11124373?
13, 855721
List the prime factors of 703296.
2, 3, 11, 37
What are the prime factors of 328351?
101, 3251
What are the prime factors of 994409?
13, 76493
List the prime factors of 932449.
7, 31, 4297
What are the prime factors of 13372927?
823, 16249
List the prime factors of 69395.
5, 13879
List the prime factors of 1161977.
211, 5507
What are the prime factors of 2260266?
2, 3, 449, 839
What are the prime factors of 25461132?
2, 3, 2121761
List the prime factors of 189412.
2, 47353
List the prime factors of 9982133.
7, 101, 2017
What are the prime factors of 167430?
2, 3, 5, 5581
What are the prime factors of 707658?
2, 3, 7, 29, 83
List the prime factors of 421022.
2, 7, 17, 29, 61
What are the prime factors of 706102?
2, 41, 79, 109
What are the prime factors of 419376?
2, 3, 8737
What are the prime factors of 628540?
2, 5, 11, 2857
List the prime factors of 5811028.
2, 59, 24623
List the prime factors of 115949.
47, 2467
What are the prime factors of 227145?
3, 5, 19, 797
List the prime factors of 421717.
421717
List the prime factors of 507336.
2, 3, 21139
What are the prime factors of 3288398?
2, 1644199
List the prime factors of 3747908.
2, 101, 9277
List the prime factors of 525045.
3, 5, 17, 29, 71
List the prime factors of 2937.
3, 11, 89
List the prime factors of 2321839.
13, 178603
List the prime factors of 7392340.
2, 5, 89, 4153
What are the prime factors of 777512?
2, 17, 5717
List the prime factors of 640982.
2, 53, 6047
What are the prime factors of 2404002?
2, 3, 101, 3967
List the prime factors of 188962.
2, 107, 883
List the prime factors of 180652.
2, 19, 2377
List the prime factors of 9369781.
31, 409, 739
List the prime factors of 2144086.
2, 7, 29, 5281
What are the prime factors of 1944322?
2, 972161
List the prime factors of 408118.
2, 204059
What are the prime factors of 151652?
2, 31, 1223
List the prime factors of 1350796.
2, 37, 9127
What are the prime factors of 934302?
2, 3, 155717
What are the prime factors of 1473544?
2, 47, 3919
What are the prime factors of 5855306?
2, 19, 154087
List the prime factors of 9194692.
2, 13, 151, 1171
What are the prime factors of 25031095?
5, 163, 30713
List the prime factors of 6085452.
2, 3, 101, 5021
List the prime factors of 420635.
5, 84127
What are the prime factors of 727055?
5, 7, 20773
What are the prime factors of 1352911?
7, 17, 11369
What are the prime factors of 154274?
2, 77137
What are the prime factors of 11877803?
7, 71, 23899
What are the prime factors of 74902?
2, 17, 2203
What are the prime factors of 347488?
2, 10859
List the prime factors of 156330.
2, 3, 5, 193
List the prime factors of 293474.
2, 19, 7723
List the prime factors of 64792.
2, 7, 13, 89
What are the prime factors of 1329073?
1329073
What are the prime factors of 282306?
2, 3, 47051
What are the prime factors of 214226?
2, 43, 47, 53
List the prime factors of 116276.
2, 41, 709
What are the prime factors of 3867691?
3867691
What are the prime factors of 15719288?
2, 13, 17, 523
List the prime factors of 60983.
13, 4691
List the prime factors of 3788655.
3, 5, 13, 19429
What are the prime factors of 304445?
5, 60889
What are the prime factors of 482239?
17, 19, 1493
What are the prime factors of 18843124?
2, 911, 5171
List the prime factors of 361582.
2, 13, 13907
What are the prime factors of 825926?
2, 503, 821
List the prime factors of 561458.
2, 280729
What are the prime factors of 702550?
2, 5, 14051
What are the prime factors of 2514273?
3, 838091
What are the prime factors of 452353?
11, 17, 41, 59
List the prime factors of 8958.
2, 3, 1493
List the prime factors of 9876418.
2, 4938209
What are the prime factors of 27997473?
3, 7, 283, 673
List the prime factors of 1214332.
2, 7, 31, 1399
List the prime factors of 2311579.
937, 2467
What are the prime factors of 673162?
2, 7, 6869
List the prime factors of 8917835.
5, 109, 16363
What are the prime factors of 10310018?
2, 491, 10499
What are the prime factors of 67256?
2, 7, 1201
List the prime factors of 361697.
7, 163, 317
What are the prime factors of 94872?
2, 3, 59, 67
List the prime factors of 23237083.
107, 217169
List the prime factors of 210743.
13, 29, 43
List the prime factors of 17399553.
3, 5799851
What are the prime factors of 6481042?
2, 1033, 3137
List the prime factors of 18132840.
2, 3, 5, 11, 19, 241
What are the prime factors of 4544994?
2, 3, 47, 71, 227
What are the prime factors of 7203585?
3, 5, 563, 853
What are the prime factors of 74742?
2, 3, 12457
What are the prime factors of 1732209?
3, 41, 14083
What are the prime factors of 1013556?
2, 3, 84463
What are the prime factors of 4243807?
31, 136897
List the prime factors of 3975705.
3, 5, 17, 5197
What are the prime factors of 72025?
5, 43, 67
What are the prime factors of 4008020?
2, 5, 200401
List the prime factors of 16002937.
16002937
List the prime factors of 362032.
2, 11, 17
What are the prime factors of 1258099?
1258099
List the prime factors of 4940563.
31, 197, 809
List the prime factors of 3349319.
269, 12451
What are the prime factors of 653398?
2, 383, 853
What are the prime factors of 533032?
2, 66629
What are the prime factors of 176019?
3, 23, 2551
What are the prime factors of 4554398?
2, 173, 13163
What are the prime factors of 293129?
293129
List the prime factors of 1203258.
2, 3, 7, 28649
What are the prime factors of 8866094?
2, 4433047
What are the prime factors of 3104291?
97, 32003
What are the prime factors of 7488110?
2, 5, 7, 23, 4651
List the prime factors of 390654.
2, 3, 11, 1973
List the prime factors of 3449804.
2, 31, 43, 647
List the prime factors of 12088026.
2, 3, 671557
List the prime factors of 125916.
2, 3, 7, 1499
List the prime factors of 263816.
2, 7, 673
List the prime factors of 1515011.
1515011
What are the prime factors of 542927?
7, 11, 641
List the prime factors of 199206.
2, 3, 7, 17, 31
What are the prime factors of 906143?
7, 129449
List the prime factors of 3056955.
3, 5, 11, 97, 191
What are the prime factors of 2824127?
2824127
What are the prime factors of 284373?
3, 19, 1663
What are the prime factors of 252071?
83, 3037
List the prime factors of 940727.
940727
List the prime factors of 8513760.
2, 3, 5, 17737
What are the prime factors of 3318580?
2, 5, 73, 2273
What are the prime factors of 411669?
3, 79, 193
List the prime factors of 3831478.
2, 7, 23, 73, 163
List the prime factors of 133838.
2, 66919
What are the prime factors of 1455509?
11, 23, 523
What are the prime factors of 35380?
2, 5, 29, 61
What are the prime factors of 3764652?
2, 3, 313721
List the prime factors of 210406.
2, 7, 19, 113
List the prime factors of 4417963.
11, 193, 2081
List the prime factors of 137112.
2, 3, 29, 197
List the prime factors of 2678516.
2, 73, 9173
List the prime factors of 395060.
2, 5, 19753
List the prime factors of 1680847.
7, 34303
What are the prime factors of 27583217?
1283, 21499
What are the prime factors of 1077173?
239, 4507
What are the prime factors of 6145953?
3, 11, 16931
List the prime factors of 179488.
2, 71, 79
List the prime factors of 1471101.
3, 490367
What are the prime factors of 1439518?
2, 179, 4021
What are the prime factors of 416260?
2, 5, 13, 1601
What are the prime factors of 6103176?
2, 3, 254299
What are the pr